= n*i. Suppose i*q - 1584 = -448. Is q a composite number?
True
Suppose -4*w - 5*b - 15 = -0*b, 3*b + 9 = 2*w. Suppose w = -3*h + 4*y + 389, y = -4*h + 433 + 73. Is h a composite number?
False
Let b be 64/6 + (26/6 - 4). Let f(o) = 9*o + o**3 + 4*o - b + 25*o**2 - 5*o. Is f(-10) prime?
True
Suppose -q - a = -44, q + 2*a - 48 = 3*a. Suppose 9*y = -1 + q. Suppose y*i = -3*p + 5397, 5*i + 0*i + 5*p - 5405 = 0. Is i prime?
False
Let d(m) = -32601 + 1982*m + 628*m + 32644. Is d(5) a composite number?
False
Suppose 7*y + 10 = 17*y. Let a be y/4 - 435/(-116). Suppose -a*l + 383 = -3*r + 2656, 747 = r - 4*l. Is r a composite number?
True
Let s be (31 - 33) + 2791*-2 + 2. Let u = 12201 + s. Is u a composite number?
False
Let s = -29 + 35. Suppose 4*a = -4*i + 8, s*i - 13 = 2*i - 5*a. Let r(n) = n**2 + 2*n + 4. Is r(i) prime?
True
Suppose -34*y - 276135 = -4533377. Is y a prime number?
False
Suppose 0 = n - n - 3*n. Suppose n = -3*o + 2761 - 742. Is o composite?
False
Suppose -178*t + 180*t + 456389 = 5*k, -4*t = -12. Is k prime?
False
Let m(q) be the third derivative of -q**5/60 - 7*q**2. Let d be m(0). Suppose -5*j - 12 = -j, -2*o + j + 1357 = d. Is o prime?
True
Suppose -5*g - 3*p + 7 = 0, 2*g + 2*p + p - 1 = 0. Suppose 2*q - 4*w = -9*w + 13, -4*q - 14 = g*w. Is (-17)/(q/132*(0 + 2)) a composite number?
True
Suppose -4*t - 4*a = -28 + 88, 0 = -4*t + 3*a - 88. Let l = t - -18. Is (14 - l)*(-214)/(-6) composite?
True
Let d(s) = -3170*s + 2182. Is d(-50) a prime number?
False
Suppose 13*q + 285881 - 540093 - 708711 = 0. Is q a prime number?
True
Suppose 4*k - 6*q - 744019 = -q, 0 = -4*k + 3*q + 744029. Is k a prime number?
False
Let r = -36 - -42. Let n(k) = -3*k + 12. Let b be n(r). Is b/21 - (-3)/21*1101 composite?
False
Let z(k) = 5*k**3 - 4*k**2 + k + 10. Let n be z(4). Suppose -4*h - n + 3350 = 0. Suppose 0 = 4*b + 16, 2*s + 208 = 2*b + h. Is s composite?
False
Suppose 5*m - 6861153 = 2*r, -3*m - 4*r + 7*r = -4116690. Is m prime?
False
Let g(i) = -130*i - 5. Let n = -3 - 1. Let m be g(n). Suppose 25*c - m = 20*c. Is c prime?
True
Let a(z) = -z**3 + 6*z**2 - 4*z + 6. Let j be a(5). Suppose -j + 5 = 3*u. Is ((-1)/u + -2)*(-368)/12 a prime number?
False
Is -10*5/(-35)*1066541/2 composite?
True
Suppose 0 = 2*t - 2*d - 1223394, 551*t + d = 548*t + 1835075. Is t composite?
False
Let p = -40 - -39. Let k be (p - -92) + 1 + 0. Let m = k - -449. Is m a prime number?
True
Is ((-67)/5)/(6 - (-910)/(-150)) a composite number?
True
Suppose 0 = -4*t - o + 9750, -4*o + 4469 = 3*t - 2850. Is t prime?
True
Let f = -1 + -124. Let t = 4074 + f. Is t prime?
False
Let k = -43 - -46. Suppose -k*b - 7*b = -2950. Is b a prime number?
False
Let m(g) = -7*g**2 - 2*g - 8. Let q(v) = 14*v**2 + 5*v + 15. Let z(j) = 7*m(j) + 4*q(j). Let y be -3 + 0 + 2 + -4. Is z(y) prime?
True
Is ((-2)/6)/(14 + 340140294/(-24295734)) a prime number?
True
Suppose 491 = 3*r - 415. Suppose 43 = 2*n + 4*u + 329, 0 = n - u + 140. Let q = n + r. Is q a prime number?
False
Let p(s) = 14 - 5*s - 48 + 10*s. Let f be p(8). Suppose -k = 2*y - f*y + 1323, -3*k = -3. Is y composite?
False
Let b = 17298 - 12021. Is b composite?
True
Suppose -10 = 13*z - 18*z. Suppose -4*d = -3*t + d + 1446, 5*d = -z*t + 989. Is t a composite number?
False
Is -17 + (-9 - -15) + 2872 prime?
True
Let r = -13620 + 56794. Is r a composite number?
True
Suppose 4 = 5*t - 16. Suppose -t*l + 2*l + 14 = 0. Suppose 0 = -l*q + 70 + 2079. Is q prime?
True
Let i = 8705 - 6635. Let f = -42 - 605. Let s = i + f. Is s prime?
True
Let u(c) = -94*c + 53. Let s(g) = 47*g - 26. Let o(f) = -5*s(f) - 3*u(f). Let q = -9 - -23. Is o(q) composite?
True
Let f(o) = -6 - 42*o - 42*o + 72*o**2 - 34*o + 113*o. Let i be f(-2). Suppose 0 = 4*a + 5*g - 586, -i = -4*a + 2*a - 3*g. Is a a composite number?
False
Is 146/(4970/(-415) - -12) prime?
False
Let n(t) = 7044*t - 385. Is n(6) a composite number?
False
Suppose 6*c - 10*c + 3*f = -634208, 2*f = -c + 158552. Suppose r = 6*r + 20, -4*m = 4*r - c. Suppose -23*w + 29*w - m = 0. Is w a prime number?
True
Let g be 4/((-21)/9 - (-8 - -5)). Let c be (-5 - 42/(-9))*g/(-1). Suppose -m + 2359 = -0*u + 3*u, -3917 = -5*u + c*m. Is u prime?
False
Let u(n) = n**3 - n**2 + 4*n. Let v be u(-5). Let k = -117 - v. Is k composite?
False
Let l = 10290 - 4043. Is l composite?
False
Let b = 95 + -81. Let t(j) = -7*j**2 + 17*j + 22. Let c be t(b). Let m = c + 2033. Is m a prime number?
False
Suppose -5*u = 5*u - 210. Let c = u + -21. Suppose j - 3762 = -5*z, j + 3768 = 5*z - c*j. Is z a prime number?
False
Let z be 2/(-3) + 270205/(-39) - -1. Let t = z + 10257. Is t a prime number?
True
Suppose -3*l + 483337 + 203248 = -4*z, -2*l + 2*z = -457724. Is l prime?
False
Let t = -39 - -17. Let c = 9730 + -9789. Let g = t - c. Is g composite?
False
Suppose 5*w + 2*l = -3*l - 1495, -2*w + l = 613. Let v be 56/(-16)*824/2. Let f = w - v. Is f a composite number?
True
Suppose 7 = 2*b + 5, 2 = -3*u + 2*b. Suppose u = -18*r + 12*r + 5526. Is r a composite number?
True
Suppose 10*i + 2256292 = 163*i - 9259865. Is i a prime number?
True
Let n(c) = c**3 - 11*c**2 + 15*c + 8. Suppose -5 = 3*h - 2*h - 4*l, -3*l = -2*h. Suppose 2*w = -h*w - 2*s + 55, 3*w - 5*s = 64. Is n(w) a composite number?
False
Let o = -4029 - -5781. Suppose 3*x + 5*x - o = 0. Suppose u = 658 - x. Is u a prime number?
True
Suppose 2*y = -j + 6, 3*y - 3*j - 42 = -15. Suppose 4*c + 3*b = -35, y*b + 8 = -3*c - 10. Is 164/2 - 11/c a composite number?
False
Let x(g) = 44594*g + 951. Is x(8) a prime number?
True
Let s(a) = -23852*a - 6. Suppose -5*v - 13 = -2*k, -3*k - 4*v - 19 = -4. Is s(k) a prime number?
False
Suppose -32737 = -4*t + w, 0 = -3*t - 3*w + 31512 - 6963. Let n be 2 + (-4)/14 + t/28. Let u = 505 - n. Is u a composite number?
False
Let b(w) be the first derivative of 8*w**3 - 15*w**2/2 + 5*w + 4. Let m be b(-8). Suppose 3*s - m = -4*l, 2*l + s = -2*s + 823. Is l a composite number?
False
Is 1/2*(-38 + 199132) a prime number?
False
Let g = -54 - -50. Let v be ((g - 66/(-21))*7)/1. Is 4492/8 - 9/v composite?
False
Suppose m - 2*w = -0*m + 16, -3*w = m + 4. Suppose m*s = s. Suppose 9*j - 4*j + 1315 = 5*b, -2*j = s. Is b a composite number?
False
Let v = 105 - 102. Suppose 4*q - 610 = 2*q - 4*z, v*z = 5*q - 1460. Let y = 444 - q. Is y a composite number?
False
Let l be -58 - (2 + (-4 - -8)). Is l/(-8) - -709 - 0 a prime number?
False
Suppose 5*d + 111172 = 4*q + d, -4*d = q - 27788. Suppose 69792 + q = 6*r. Suppose -3346 = 6*p - r. Is p a composite number?
False
Let r = 363033 - 165280. Is r a composite number?
False
Suppose 8493774 = 357*u - 1519005. Is u a composite number?
True
Suppose -3*s + 28 = 4*s. Let r be s - (-1)/(52/(-12) + 4). Is ((-3)/(-3))/r*(165 + -2) a composite number?
False
Let t(f) = -222*f + 58. Let u(z) = z + 1. Let n(d) = t(d) - 5*u(d). Is n(-7) a prime number?
False
Is 3*((-8520317)/(-39) + -2) prime?
False
Let d(u) = -3*u**2 + 8*u**2 - 15*u + 11 + 0*u**2. Let x be d(-12). Let c = 84 + x. Is c composite?
True
Suppose -174516 - 816441 = -33*u. Is u a prime number?
True
Let v be (16/(-10))/(24/(-60)). Suppose 4*l = v*g - 14972, -3*g + g - 4*l + 7486 = 0. Let o = g - 1492. Is o composite?
False
Let q be 2/(-6)*(9 - 9). Suppose q*y = -4*y. Suppose i - 5*i + 1484 = y. Is i prime?
False
Let d = -71 - -99. Suppose -d*i = -41*i + 616915. Is i prime?
False
Let m be 14/4 + 3/6. Suppose 3*t = 2*h - 5*h + 8112, -5*h = m*t - 10821. Is t a prime number?
True
Suppose 5*m = -5*q + 514755, -q - 514815 = -6*q + 5*m. Is q a prime number?
False
Suppose 0 = 2*u - 4*m - 14, -2*m = -0*m. Let x be (-152)/(-12)*3*u. Let z = x + -124. Is z composite?
True
Is 15/(600/(-509816))*-15 a prime number?
False
Let a = 77194 + -47020. Suppose 0 = -16*t - a + 81070. Is t a composite number?
False
Suppose 10 = -2*n, -f - 25 = -5*f + 5*n. Suppose f = -3*k - q - 3101, -5*k - 968 = 4*q + 4212. Let m = -401 - k. Is m composite?
False
Let j be (32/10)/(10/(-200)). Let z be j/10 + (1 - 12/20). Is z/15 + 11322/30 prime?
False
Let b(u) = 15*u**2 + 2*u - 1. Let x be b(6). Suppose 3*g + 0*g + 2769 = -5*v, -v = 2*g + x. Let c = -306 - v. Is c a composite number?
True
Let z = 2474 - 951. Let o = 7146 - z. Is o composite?
False
Suppose 645*s - 640*s = 5*q - 647125, -s = -2*q + 258844. Is q p